{"id":412,"date":"2023-06-16T20:10:58","date_gmt":"2023-06-16T17:10:58","guid":{"rendered":"http:\/\/zuhalozyurt.com\/?page_id=412"},"modified":"2023-07-30T19:52:39","modified_gmt":"2023-07-30T16:52:39","slug":"seanslar","status":"publish","type":"page","link":"https:\/\/zuhalozyurt.com\/index.php\/seanslar\/","title":{"rendered":"Seanslar"},"content":{"rendered":"\n<div style=\"height:65px\" aria-hidden=\"true\" class=\"wp-block-spacer\"><\/div>\n\n\n<ul class=\"wp-block-latest-posts__list is-grid columns-3 has-dates wp-block-latest-posts\"><li><div class=\"wp-block-latest-posts__featured-image\"><img loading=\"lazy\" decoding=\"async\" width=\"150\" height=\"150\" src=\"https:\/\/zuhalozyurt.com\/wp-content\/uploads\/2023\/06\/Lot-3-150x150.jpg\" class=\"attachment-thumbnail size-thumbnail wp-post-image\" alt=\"\" style=\"\" srcset=\"https:\/\/zuhalozyurt.com\/wp-content\/uploads\/2023\/06\/Lot-3-150x150.jpg 150w, https:\/\/zuhalozyurt.com\/wp-content\/uploads\/2023\/06\/Lot-3.jpg 220w\" sizes=\"auto, (max-width: 150px) 100vw, 150px\" \/><\/div><a class=\"wp-block-latest-posts__post-title\" href=\"https:\/\/zuhalozyurt.com\/index.php\/2024\/12\/07\/ic-cocuk-baglanti\/\">\u0130\u00e7 \u00c7ocuk \u015eifa ve Y\u00fcksek Benlik Ba\u011flant\u0131<\/a><time datetime=\"2024-12-07T23:26:00+03:00\" class=\"wp-block-latest-posts__post-date\">7 Aral\u0131k 2024<\/time><div class=\"wp-block-latest-posts__post-excerpt\">Anne karn\u0131ndan ba\u015flayan \u00e7ekirdek ailemizle kurdu\u011fumuz ba\u011flant\u0131 ego benli\u011fimizi ve bilin\u00e7alt\u0131 kay\u0131tlar\u0131m\u0131z\u0131 olu\u015fturmaya ba\u015flar. Kurdu\u011fumuz ba\u011flant\u0131yla ya\u015famsal k\u00f6klenmemizdeki bilin\u00e7alt\u0131 yap\u0131m\u0131z\u0131&hellip;&nbsp;<a href=\"https:\/\/zuhalozyurt.com\/index.php\/2024\/12\/07\/ic-cocuk-baglanti\/\" rel=\"bookmark\">Daha fazlas\u0131n\u0131 oku &raquo;<span class=\"screen-reader-text\">\u0130\u00e7 \u00c7ocuk \u015eifa ve Y\u00fcksek Benlik Ba\u011flant\u0131<\/span><\/a><\/div><\/li>\n<li><div class=\"wp-block-latest-posts__featured-image\"><img loading=\"lazy\" decoding=\"async\" width=\"150\" height=\"150\" src=\"https:\/\/zuhalozyurt.com\/wp-content\/uploads\/2023\/06\/Lot-3-150x150.jpg\" class=\"attachment-thumbnail size-thumbnail wp-post-image\" alt=\"\" style=\"\" srcset=\"https:\/\/zuhalozyurt.com\/wp-content\/uploads\/2023\/06\/Lot-3-150x150.jpg 150w, https:\/\/zuhalozyurt.com\/wp-content\/uploads\/2023\/06\/Lot-3.jpg 220w\" sizes=\"auto, (max-width: 150px) 100vw, 150px\" \/><\/div><a class=\"wp-block-latest-posts__post-title\" href=\"https:\/\/zuhalozyurt.com\/index.php\/2024\/12\/07\/uzaktan-evrensel-enerji-aktarimi-seanslari\/\">Uzaktan Evrensel Enerji Aktar\u0131m\u0131 Seanslar\u0131<\/a><time datetime=\"2024-12-07T20:42:00+03:00\" class=\"wp-block-latest-posts__post-date\">7 Aral\u0131k 2024<\/time><div class=\"wp-block-latest-posts__post-excerpt\">Uzaktan Evrensel Enerji Aktar\u0131m\u0131 Seanslar\u0131, 1 ya da 4 \u2013 5 seans olarak ihtiyac\u0131n\u0131z do\u011frultusunda enerji aktar\u0131m\u0131 yap\u0131larak sa\u011flan\u0131r. Stress,&hellip;&nbsp;<a href=\"https:\/\/zuhalozyurt.com\/index.php\/2024\/12\/07\/uzaktan-evrensel-enerji-aktarimi-seanslari\/\" rel=\"bookmark\">Daha fazlas\u0131n\u0131 oku &raquo;<span class=\"screen-reader-text\">Uzaktan Evrensel Enerji Aktar\u0131m\u0131 Seanslar\u0131<\/span><\/a><\/div><\/li>\n<li><div class=\"wp-block-latest-posts__featured-image\"><img loading=\"lazy\" decoding=\"async\" width=\"150\" height=\"150\" src=\"https:\/\/zuhalozyurt.com\/wp-content\/uploads\/2023\/06\/Lot-3-150x150.jpg\" class=\"attachment-thumbnail size-thumbnail wp-post-image\" alt=\"\" style=\"\" srcset=\"https:\/\/zuhalozyurt.com\/wp-content\/uploads\/2023\/06\/Lot-3-150x150.jpg 150w, https:\/\/zuhalozyurt.com\/wp-content\/uploads\/2023\/06\/Lot-3.jpg 220w\" sizes=\"auto, (max-width: 150px) 100vw, 150px\" \/><\/div><a class=\"wp-block-latest-posts__post-title\" href=\"https:\/\/zuhalozyurt.com\/index.php\/2024\/12\/07\/mantra-ve-kristal-taslarla-evrensel-enerji-seansi\/\">Mantra ve Kristal Ta\u015flarla Evrensel Enerji Seans\u0131<\/a><time datetime=\"2024-12-07T20:41:00+03:00\" class=\"wp-block-latest-posts__post-date\">7 Aral\u0131k 2024<\/time><div class=\"wp-block-latest-posts__post-excerpt\">Evrensel Enerji Nedir Evrensel Enerji, Kayna\u011f\u0131 tek olan yerden saf olarak yery\u00fcz\u00fcne akan, s\u0131n\u0131rs\u0131z ve sonsuz olan ya\u015fam kayna\u011f\u0131d\u0131r. Nefesimizle&hellip;&nbsp;<a href=\"https:\/\/zuhalozyurt.com\/index.php\/2024\/12\/07\/mantra-ve-kristal-taslarla-evrensel-enerji-seansi\/\" rel=\"bookmark\">Daha fazlas\u0131n\u0131 oku &raquo;<span class=\"screen-reader-text\">Mantra ve Kristal Ta\u015flarla Evrensel Enerji Seans\u0131<\/span><\/a><\/div><\/li>\n<li><div class=\"wp-block-latest-posts__featured-image\"><img loading=\"lazy\" decoding=\"async\" width=\"150\" height=\"150\" src=\"https:\/\/zuhalozyurt.com\/wp-content\/uploads\/2023\/06\/Lot-3-150x150.jpg\" class=\"attachment-thumbnail size-thumbnail wp-post-image\" alt=\"\" style=\"\" srcset=\"https:\/\/zuhalozyurt.com\/wp-content\/uploads\/2023\/06\/Lot-3-150x150.jpg 150w, https:\/\/zuhalozyurt.com\/wp-content\/uploads\/2023\/06\/Lot-3.jpg 220w\" sizes=\"auto, (max-width: 150px) 100vw, 150px\" \/><\/div><a class=\"wp-block-latest-posts__post-title\" href=\"https:\/\/zuhalozyurt.com\/index.php\/2024\/12\/07\/gong-terapi-seanslari\/\">Gong Terapi Seanslar\u0131<\/a><time datetime=\"2024-12-07T20:39:00+03:00\" class=\"wp-block-latest-posts__post-date\">7 Aral\u0131k 2024<\/time><div class=\"wp-block-latest-posts__post-excerpt\">Kundalini Yoga ve Meditasyon tekni\u011fi kriyalar\u0131 yada sadece Gong titre\u015fimleri ile ger\u00e7ekle\u015fen terapik meditasyondur. Gong evrenin primal seslerinin bile\u015fenidir. Titre\u015fimler&hellip;&nbsp;<a href=\"https:\/\/zuhalozyurt.com\/index.php\/2024\/12\/07\/gong-terapi-seanslari\/\" rel=\"bookmark\">Daha fazlas\u0131n\u0131 oku &raquo;<span class=\"screen-reader-text\">Gong Terapi Seanslar\u0131<\/span><\/a><\/div><\/li>\n<li><div class=\"wp-block-latest-posts__featured-image\"><img loading=\"lazy\" decoding=\"async\" width=\"150\" height=\"150\" src=\"https:\/\/zuhalozyurt.com\/wp-content\/uploads\/2023\/06\/Lot-3-150x150.jpg\" class=\"attachment-thumbnail size-thumbnail wp-post-image\" alt=\"\" style=\"\" srcset=\"https:\/\/zuhalozyurt.com\/wp-content\/uploads\/2023\/06\/Lot-3-150x150.jpg 150w, https:\/\/zuhalozyurt.com\/wp-content\/uploads\/2023\/06\/Lot-3.jpg 220w\" sizes=\"auto, (max-width: 150px) 100vw, 150px\" \/><\/div><a class=\"wp-block-latest-posts__post-title\" href=\"https:\/\/zuhalozyurt.com\/index.php\/2024\/12\/07\/bilincalti-blokaj-arinma\/\">Bilin\u00e7alt\u0131 Blokaj Ar\u0131nma<\/a><time datetime=\"2024-12-07T20:37:00+03:00\" class=\"wp-block-latest-posts__post-date\">7 Aral\u0131k 2024<\/time><div class=\"wp-block-latest-posts__post-excerpt\">Bilin\u00e7alt\u0131 beynimizin fark\u0131nda olmad\u0131\u011f\u0131m\u0131z bir b\u00f6l\u00fcm\u00fcd\u00fcr. T\u00fcm ya\u015famlar\u0131n haf\u0131za deposudur. G\u00fcnl\u00fck ya\u015fam\u0131m\u0131zda bilin\u00e7alt\u0131 kay\u0131tlar\u0131n\u0131n olu\u015fturdu\u011fu format d\u00fc\u015f\u00fcnce ve davran\u0131\u015flar\u0131 dahilinde&hellip;&nbsp;<a href=\"https:\/\/zuhalozyurt.com\/index.php\/2024\/12\/07\/bilincalti-blokaj-arinma\/\" rel=\"bookmark\">Daha fazlas\u0131n\u0131 oku &raquo;<span class=\"screen-reader-text\">Bilin\u00e7alt\u0131 Blokaj Ar\u0131nma<\/span><\/a><\/div><\/li>\n<li><div class=\"wp-block-latest-posts__featured-image\"><img loading=\"lazy\" decoding=\"async\" width=\"150\" height=\"150\" src=\"https:\/\/zuhalozyurt.com\/wp-content\/uploads\/2023\/06\/Lot-3-150x150.jpg\" class=\"attachment-thumbnail size-thumbnail wp-post-image\" alt=\"\" style=\"\" srcset=\"https:\/\/zuhalozyurt.com\/wp-content\/uploads\/2023\/06\/Lot-3-150x150.jpg 150w, https:\/\/zuhalozyurt.com\/wp-content\/uploads\/2023\/06\/Lot-3.jpg 220w\" sizes=\"auto, (max-width: 150px) 100vw, 150px\" \/><\/div><a class=\"wp-block-latest-posts__post-title\" href=\"https:\/\/zuhalozyurt.com\/index.php\/2024\/08\/07\/sistemik-aile-dizimi\/\">Sistemik Aile Dizimi<\/a><time datetime=\"2024-08-07T14:14:31+03:00\" class=\"wp-block-latest-posts__post-date\">7 A\u011fustos 2024<\/time><div class=\"wp-block-latest-posts__post-excerpt\">Sistemik Aile dizimi seanslar\u0131 Y\u00fczy\u00fcze seanslar ve Online birebir seanslar: Bu seanslar asl\u0131nda benim i\u00e7in genel olarak isim veremedi\u011fim seanslard\u0131r.&hellip;&nbsp;<a href=\"https:\/\/zuhalozyurt.com\/index.php\/2024\/08\/07\/sistemik-aile-dizimi\/\" rel=\"bookmark\">Daha fazlas\u0131n\u0131 oku &raquo;<span class=\"screen-reader-text\">Sistemik Aile Dizimi<\/span><\/a><\/div><\/li>\n<\/ul>\n\n\n<div style=\"height:70px\" aria-hidden=\"true\" class=\"wp-block-spacer\"><\/div>\n","protected":false},"excerpt":{"rendered":"","protected":false},"author":1,"featured_media":832,"parent":0,"menu_order":0,"comment_status":"closed","ping_status":"closed","template":"","meta":{"neve_meta_sidebar":"","neve_meta_container":"","neve_meta_enable_content_width":"","neve_meta_content_width":0,"neve_meta_title_alignment":"","neve_meta_author_avatar":"","neve_post_elements_order":"","neve_meta_disable_header":"","neve_meta_disable_footer":"","neve_meta_disable_title":"","_joinchat":[],"footnotes":""},"class_list":["post-412","page","type-page","status-publish","has-post-thumbnail","hentry"],"_links":{"self":[{"href":"https:\/\/zuhalozyurt.com\/index.php\/wp-json\/wp\/v2\/pages\/412","targetHints":{"allow":["GET"]}}],"collection":[{"href":"https:\/\/zuhalozyurt.com\/index.php\/wp-json\/wp\/v2\/pages"}],"about":[{"href":"https:\/\/zuhalozyurt.com\/index.php\/wp-json\/wp\/v2\/types\/page"}],"author":[{"embeddable":true,"href":"https:\/\/zuhalozyurt.com\/index.php\/wp-json\/wp\/v2\/users\/1"}],"replies":[{"embeddable":true,"href":"https:\/\/zuhalozyurt.com\/index.php\/wp-json\/wp\/v2\/comments?post=412"}],"version-history":[{"count":5,"href":"https:\/\/zuhalozyurt.com\/index.php\/wp-json\/wp\/v2\/pages\/412\/revisions"}],"predecessor-version":[{"id":563,"href":"https:\/\/zuhalozyurt.com\/index.php\/wp-json\/wp\/v2\/pages\/412\/revisions\/563"}],"wp:featuredmedia":[{"embeddable":true,"href":"https:\/\/zuhalozyurt.com\/index.php\/wp-json\/wp\/v2\/media\/832"}],"wp:attachment":[{"href":"https:\/\/zuhalozyurt.com\/index.php\/wp-json\/wp\/v2\/media?parent=412"}],"curies":[{"name":"wp","href":"https:\/\/api.w.org\/{rel}","templated":true}]}}